{"id":125,"date":"2019-07-04T10:29:51","date_gmt":"2019-07-04T10:29:51","guid":{"rendered":"http:\/\/www.jfpontagarca.net\/?page_id=125"},"modified":"2019-07-12T11:43:45","modified_gmt":"2019-07-12T11:43:45","slug":"praias","status":"publish","type":"page","link":"https:\/\/www.jfpontagarca.net\/?page_id=125","title":{"rendered":"Praias"},"content":{"rendered":"\n<div class=\"wp-block-image\"><figure class=\"aligncenter\"><img loading=\"lazy\" decoding=\"async\" width=\"552\" height=\"299\" src=\"http:\/\/www.jfpontagarca.net\/wp-content\/uploads\/2019\/07\/image-12.png\" alt=\"\" class=\"wp-image-257\" srcset=\"https:\/\/www.jfpontagarca.net\/wp-content\/uploads\/2019\/07\/image-12.png 552w, https:\/\/www.jfpontagarca.net\/wp-content\/uploads\/2019\/07\/image-12-300x163.png 300w\" sizes=\"(max-width: 552px) 100vw, 552px\" \/><\/figure><\/div>\n\n\n\n<p><strong>Prainha da Amora<\/strong><\/p>\n\n\n\n<p>A Praia \u00e9 constitu\u00edda por um\nconjunto de 3 praias, 2 de areia fina, com uma extens\u00e3o de 640 metros. \u00c9 uma\nPraia n\u00e3o vigiada o acesso \u00e9 feito por percurso pedestre. Tem um Bel\u00edssimo\nenquadramento paisag\u00edstico \u00e9 pouco conhecida e pouco frequentada e serve tamb\u00e9m\nde zona de ancoradouro para barcos de recreio n\u00e1utico. Apresenta aspectos\narqueol\u00f3gicos particulares.<\/p>\n","protected":false},"excerpt":{"rendered":"<p>Prainha da Amora A Praia \u00e9 constitu\u00edda por um conjunto de 3 praias, 2 de areia fina, com uma extens\u00e3o de 640 metros. \u00c9 uma Praia n\u00e3o vigiada o acesso \u00e9 feito por percurso pedestre. Tem um Bel\u00edssimo enquadramento paisag\u00edstico \u00e9 pouco conhecida e pouco frequentada e serve tamb\u00e9m de zona de ancoradouro para barcos [&hellip;]<\/p>\n","protected":false},"author":2,"featured_media":0,"parent":0,"menu_order":0,"comment_status":"closed","ping_status":"closed","template":"","meta":{"footnotes":""},"class_list":["post-125","page","type-page","status-publish","hentry"],"_links":{"self":[{"href":"https:\/\/www.jfpontagarca.net\/index.php?rest_route=\/wp\/v2\/pages\/125"}],"collection":[{"href":"https:\/\/www.jfpontagarca.net\/index.php?rest_route=\/wp\/v2\/pages"}],"about":[{"href":"https:\/\/www.jfpontagarca.net\/index.php?rest_route=\/wp\/v2\/types\/page"}],"author":[{"embeddable":true,"href":"https:\/\/www.jfpontagarca.net\/index.php?rest_route=\/wp\/v2\/users\/2"}],"replies":[{"embeddable":true,"href":"https:\/\/www.jfpontagarca.net\/index.php?rest_route=%2Fwp%2Fv2%2Fcomments&post=125"}],"version-history":[{"count":2,"href":"https:\/\/www.jfpontagarca.net\/index.php?rest_route=\/wp\/v2\/pages\/125\/revisions"}],"predecessor-version":[{"id":259,"href":"https:\/\/www.jfpontagarca.net\/index.php?rest_route=\/wp\/v2\/pages\/125\/revisions\/259"}],"wp:attachment":[{"href":"https:\/\/www.jfpontagarca.net\/index.php?rest_route=%2Fwp%2Fv2%2Fmedia&parent=125"}],"curies":[{"name":"wp","href":"https:\/\/api.w.org\/{rel}","templated":true}]}}